*t. Let a(w) = 2*w**2 + 8*w + 5. Calculate the remainder when 43 is divided by a(s).
13
Let m = 4 - 2. Suppose -335 = -5*c - m*t, 6*c + t = c + 330. Suppose 0 = -5*h + 50 + c. What is the remainder when h is divided by 12?
11
Suppose -2*t + 2*r + 7 = -1, -3*r = 2*t + 2. Suppose 2*b - 77 = j, -t*b + 48 = -4*j - 26. What is the remainder when b is divided by 10?
9
Suppose -6*q + 3*q = 3*d - 198, d - 3*q = 70. Calculate the remainder when d is divided by 28.
11
Suppose -3 = s - 11. Let n = 22 - s. What is the remainder when 53 is divided by n?
11
Let v be 2*-1 - (1 + -1). Let q = v - -16. What is the remainder when 27 is divided by q?
13
Let h be (-2 - 4)/((-6)/4). Suppose 2*j - 96 = 2*i, -i - 164 = -h*j - 4*i. Calculate the remainder when j/6 + 4/6 is divided by 5.
3
Suppose -5*u - 3 + 29 = -4*t, -4*u = -5*t - 28. Let o = t - -7. Suppose -12 = o*c - 63. What is the remainder when c is divided by 6?
5
Let t = -5 - -10. Suppose l = x - t, l = x - 4*x - 5. Suppose -a + 2*z + 24 = x, 5*z - 6 = -26. Calculate the remainder when 30 is divided by a.
14
Let u = -16 + 31. Suppose 2*t - 3*t = 972. Calculate the remainder when t/(-22) - (-6)/(-33) is divided by u.
14
Let q be (4/6)/1*9. Suppose -q + 0 = -3*v. Suppose -4*y + 5*b = -23, -3*y - v*y + 80 = 4*b. Calculate the remainder when 21 is divided by y.
9
Let d(t) = -2*t**3 - t**2 - 3*t - 3. Let z(g) = 2*g + 2. Let b be z(-2). Calculate the remainder when 58 is divided by d(b).
13
Suppose 0 = 3*t + 2*t - 10. Suppose -8 = -3*s - t. Calculate the remainder when (-24 + 0)*s/(-3) is divided by 6.
4
Suppose -3*k + 4*k - 22 = 0. Suppose 2*d + 3*d = 0. Suppose 4*o = -12, 0 = 5*l - o - d*o - 323. Calculate the remainder when l is divided by k.
20
Let u(n) = -n**2 + 8*n + 9. Let s be u(8). Let h = s + -6. Calculate the remainder when 7 is divided by h.
1
Suppose 0 = -5*i - 4*q + 20, 4*i - 3*q + 5 = -2*q. Suppose 4*k = 3*l - i*k - 19, 16 = 3*l - k. What is the remainder when 7 is divided by l?
2
What is the remainder when (4 - (-95)/(-20))*-96 is divided by 37?
35
Let n(q) = -5*q + 2. What is the remainder when 145 is divided by n(-7)?
34
Let d = 64 - 45. Let l = 239 - 232. Calculate the remainder when d is divided by l.
5
Calculate the remainder when 79*(0 + 4/4) is divided by (-1 + -5)*(-20)/6.
19
Suppose 0 = 3*z + z - 52. Calculate the remainder when (0 + 1)*(-2 - -27) is divided by z.
12
Calculate the remainder when 1 + 15 + (4 - 0) + 0 is divided by 11.
9
Suppose p - 159 = -2*t - 45, 234 = 4*t - p. Calculate the remainder when t is divided by 15.
13
Let x(m) = 13*m + 3. Let k(l) = -7*l - 2. Let c(o) = -5*k(o) - 3*x(o). Let g be c(5). Let h = g - -49. What is the remainder when h is divided by 16?
14
Suppose 66 = 5*y - 49. What is the remainder when 67 is divided by y?
21
Let c = 133 + -61. Suppose -2*p - 3*m + 88 = 2*p, 4*m - 34 = -2*p. Calculate the remainder when c is divided by p.
22
Let v(c) = c**3 - 2*c**2. Let q be v(1). Let l be q*(-10 - -2)*1. What is the remainder when 9 is divided by l*((-2)/(-4))/1?
1
Calculate the remainder when 118 is divided by (-198)/(-10) + 1 + 4/(-5).
18
Let c be -3 - -1 - (-6 + 7). Let p(m) = 2*m**2 - m + 4. What is the remainder when p(c) is divided by 7?
4
Let n(u) = -35*u**3 - 2*u**2 - 3*u - 2. Calculate the remainder when 97 is divided by n(-1).
29
Let b be (-10)/(-15)*(4 - 1). Let m = b - 1. Calculate the remainder when 132/3 - m - 2 is divided by 14.
13
Let u(p) = -2*p - 10. Let r(k) = 3*k + 11. Let n(j) = -3*r(j) - 4*u(j). What is the remainder when n(-7) is divided by 8?
6
Suppose -5*p = 3*a - 51, 5*p + 2*a = p + 40. Calculate the remainder when (-4 - -1) + 38 - 0/(-2) is divided by p.
8
Let f(o) = 3*o**2 + 2*o + 1. Calculate the remainder when 3 is divided by f(-1).
1
Suppose -7*y = -y - 90. Suppose -4*s + 222 = 5*z - 0*s, -z + 57 = 5*s. Calculate the remainder when z is divided by y.
12
Let i be (-2)/1 + 3 + 17. Let t = i + -10. Suppose 4*c + 3*a + 17 = 103, -3*c + 3*a = -75. What is the remainder when c is divided by t?
7
Let g(f) = 3*f**2 - f. Let b be g(1). Suppose -34 = b*t - 4*t. What is the remainder when t is divided by 9?
8
Suppose 4*o = 10 - 2. Let b(l) = l**2 + 4*l - 3. Let n = 41 + -15. Calculate the remainder when n is divided by b(o).
8
Let n(d) = -2*d - 26. Calculate the remainder when 9 is divided by n(-15).
1
Let l(x) = -3*x - 9. Suppose o + 15 = -2*z + 2, -35 = 5*z + 5*o. What is the remainder when l(z) is divided by 4?
1
Let o(u) = -22*u. Calculate the remainder when o(-1) is divided by 5.
2
Suppose 35 = 5*u - 145. Let f be u/(1 + 1) + 1. Suppose -5*o + 23 = -4*t - 48, o + 4*t - f = 0. What is the remainder when 43 is divided by o?
13
Suppose -18*h - 4 + 166 = 0. Suppose 25 = -2*x + 95. What is the remainder when x is divided by h?
8
Let j(o) = -o**3 - 7*o**2 + 5. Let n be j(-7). Suppose -5*z = n*t - 90, t = -2 + 7. Calculate the remainder when (-10)/(6/10 + -1) is divided by z.
12
Let k = 36 + -27. Calculate the remainder when 29 is divided by 144/k + -1*1.
14
Suppose 0 = -5*t + 6*t - 3. What is the remainder when t is divided by 1?
0
Let v be 1*-2 + (-104)/8. Calculate the remainder when 11 is divided by (-1)/5 + (-93)/v.
5
Let f = -14 + 26. Let h be (-8)/(-12) - 4/(-3). Let p = 5 + h. What is the remainder when f is divided by p?
5
Let x = -15 + 18. Let h = -4 - -7. What is the remainder when x is divided by h?
0
Suppose -4*t + 4*q + 116 = 0, 0 = 2*t - 5*q - 49 - 21. Calculate the remainder when 44 is divided by t.
19
Let i be 2 - 2 - 256/(-4). Let o be (-1 - i)*(2 - 1). Let a = 95 + o. Calculate the remainder when a is divided by 11.
8
Let m(k) = 71*k - 3. Calculate the remainder when m(1) is divided by 14.
12
Suppose -1 = k, l - 41 + 13 = 3*k. Suppose 5 - 19 = -2*h. Calculate the remainder when l is divided by h.
4
Suppose -4*u = 2*a - 0*a - 72, 5*a - 3*u - 128 = 0. What is the remainder when a is divided by 5?
3
Let s = 1 - -2. Suppose -21 - s = -3*m. What is the remainder when 25 + 3/(6/(-4)) is divided by m?
7
Suppose -5*o + 123 + 25 = 3*j, -4*j + 2*o = -232. Let q = j + -35. What is the remainder when 41 is divided by q?
20
Let w(k) = -k + 23. What is the remainder when 229 is divided by w(0)?
22
Let r(d) = 0*d**3 + 2*d - 3*d**2 + 9*d**2 - d**3 + 0*d + 2. What is the remainder when r(5) is divided by 2/(-13) + (-249)/(-13)?
18
Calculate the remainder when 11 is divided by ((-18)/6 - -5*1)*1.
1
Let v(x) be the third derivative of x**5/60 - 11*x**4/24 - 7*x**3/6 - x**2. Let q be v(8). What is the remainder when q/(-2)*(2 + 0) is divided by 11?
9
Suppose -3 = -3*d, 0 = -2*p - 0*d - 3*d + 95. Let i = 77 - p. What is the remainder when i is divided by -2*(39/(-6) - -1)?
9
Let v = -7 - -14. Let x be ((-6)/1)/(5 - 7). Suppose -6*w + 60 = 5*l - x*w, -4*l = 4*w - 48. Calculate the remainder when l is divided by v.
5
Let q = 10 - 7. Let p(y) = y + q*y**2 - y - y. What is the remainder when 10 is divided by p(-1)?
2
Let z = 20 + -9. Suppose 2*q - t - 40 = 0, 3*q - 34 = -4*t + 15. What is the remainder when q is divided by z?
8
Let q = -34 + -128. Let d = -116 - q. Calculate the remainder when d is divided by 12.
10
Let v be 2/14 - 516/(-14). Suppose 13 = 5*h - v. Calculate the remainder when 19 is divided by h.
9
Let u = -64 - -110. Let x(s) = -11*s**3 + 2*s**2 - 1. Let i be x(1). Calculate the remainder when u is divided by (-16)/i*(11 - 1).
14
Suppose -y - 8 = -3, 0 = 3*a + y - 40. Let c(q) = -3*q**3 - 73*q**2 + 47*q - 32. Calculate the remainder when c(-25) is divided by a.
13
Let g be 166/6 - 6/9. Let n = g - 9. Suppose 5*b = -3*x + 35, 4*x + 7*b - 5*b - 28 = 0. What is the remainder when n is divided by x?
3
Let n = -37 - -82. Calculate the remainder when 171 is divided by n.
36
Let x = -3 + 16. What is the remainder when (-36)/((9/6)/(-1)) is divided by x?
11
Let p(t) = 3*t - 2. Let a be p(-4). Let g = a + 31. What is the remainder when g is divided by 6?
5
Let t = 46 + -7. Calculate the remainder when t is divided by 21.
18
Let c(o) = -o - 2. What is the remainder when 20 is divided by c(-13)?
9
Let g be (-6)/(5/4 - 2). Let x be (-4 + 7)*g/(-6). What is the remainder when (1/x - -1)*16 is divided by 5?
2
Suppose 3*p = -5*c - p + 137, 3*c - 72 = p. Suppose -2*x = -c - 9. What is the remainder when 0 + -1 - 68/(-2) is divided by x?
16
Let 